{"id":632,"date":"2014-10-24T10:36:00","date_gmt":"2014-10-24T09:36:00","guid":{"rendered":"http:\/\/sapi.paris-lavillette.archi.fr\/CTID924\/?page_id=632"},"modified":"2014-10-24T16:44:47","modified_gmt":"2014-10-24T15:44:47","slug":"objet-de-cette-rubrique","status":"publish","type":"page","link":"https:\/\/sapi.paris-lavillette.archi.fr\/CTID924\/?page_id=632","title":{"rendered":"Objet de cette rubrique"},"content":{"rendered":"<p>Il s&rsquo;agit d&rsquo;effectuer une recherche documentaire en vue de s\u00e9lectionner des cas de conception architecturale ou le continuum num\u00e9rique a \u00e9t\u00e9 utilis\u00e9 (un pavillon d&rsquo;exposition par exemple)<\/p>\n<p>Les ressources documentaires mises \u00e0 disposition sur le site web du CTID924 peuvent \u00eatre utilis\u00e9es et\/ou d&rsquo;autres ressources issues de la biblioth\u00e8que ou trouv\u00e9es sur internet.<\/p>\n<p>Les \u00e9tudiants ajoutent sur le site web du CTID924\u00a0 un article qui d\u00e9crit le cas s\u00e9lectionn\u00e9 (lieu, concepteur, photos, documents graphiques etc.) et pr\u00e9cisent les m\u00e9thodes de mod\u00e9lisation et de fabrication employ\u00e9es.<\/p>\n","protected":false},"excerpt":{"rendered":"<p>Il s&rsquo;agit d&rsquo;effectuer une recherche documentaire en vue de s\u00e9lectionner des cas de conception architecturale ou le continuum num\u00e9rique a \u00e9t\u00e9 utilis\u00e9 (un pavillon d&rsquo;exposition par exemple) Les ressources documentaires mises \u00e0 disposition sur le site web du CTID924 peuvent \u00eatre utilis\u00e9es et\/ou d&rsquo;autres ressources issues de la biblioth\u00e8que ou trouv\u00e9es sur internet. Les \u00e9tudiants ajoutent sur le site web du CTID924\u00a0 un article qui d\u00e9crit le cas s\u00e9lectionn\u00e9 (lieu, concepteur, photos, documents graphiques etc.) et pr\u00e9cisent les m\u00e9thodes de mod\u00e9lisation et de fabrication employ\u00e9es.<\/p>\n","protected":false},"author":1,"featured_media":0,"parent":0,"menu_order":0,"comment_status":"open","ping_status":"open","template":"","meta":{"footnotes":""},"_links":{"self":[{"href":"https:\/\/sapi.paris-lavillette.archi.fr\/CTID924\/index.php?rest_route=\/wp\/v2\/pages\/632"}],"collection":[{"href":"https:\/\/sapi.paris-lavillette.archi.fr\/CTID924\/index.php?rest_route=\/wp\/v2\/pages"}],"about":[{"href":"https:\/\/sapi.paris-lavillette.archi.fr\/CTID924\/index.php?rest_route=\/wp\/v2\/types\/page"}],"author":[{"embeddable":true,"href":"https:\/\/sapi.paris-lavillette.archi.fr\/CTID924\/index.php?rest_route=\/wp\/v2\/users\/1"}],"replies":[{"embeddable":true,"href":"https:\/\/sapi.paris-lavillette.archi.fr\/CTID924\/index.php?rest_route=%2Fwp%2Fv2%2Fcomments&post=632"}],"version-history":[{"count":3,"href":"https:\/\/sapi.paris-lavillette.archi.fr\/CTID924\/index.php?rest_route=\/wp\/v2\/pages\/632\/revisions"}],"predecessor-version":[{"id":677,"href":"https:\/\/sapi.paris-lavillette.archi.fr\/CTID924\/index.php?rest_route=\/wp\/v2\/pages\/632\/revisions\/677"}],"wp:attachment":[{"href":"https:\/\/sapi.paris-lavillette.archi.fr\/CTID924\/index.php?rest_route=%2Fwp%2Fv2%2Fmedia&parent=632"}],"curies":[{"name":"wp","href":"https:\/\/api.w.org\/{rel}","templated":true}]}}